?
True
Is 13860 a multiple of 60?
True
Does 8 divide 3589?
False
Is 12410 a multiple of 3?
False
Does 17 divide 7863?
False
Is 9 a factor of 308?
False
Does 5 divide 3840?
True
Is 1287 a multiple of 9?
True
Does 31 divide 806?
True
Does 15 divide 12045?
True
Is 7 a factor of 993?
False
Is 6619 a multiple of 16?
False
Is 3206 a multiple of 11?
False
Is 352 a multiple of 3?
False
Does 7 divide 201?
False
Is 17761 a multiple of 18?
False
Is 384 a multiple of 48?
True
Is 14805 a multiple of 47?
True
Is 15 a factor of 13170?
True
Is 238 a multiple of 14?
True
Is 66 a factor of 66?
True
Is 189 a multiple of 27?
True
Is 12 a factor of 506?
False
Does 20 divide 989?
False
Is 1649 a multiple of 18?
False
Is 516 a multiple of 43?
True
Is 72983 a multiple of 9?
False
Is 72 a factor of 1856?
False
Is 115 a factor of 12880?
True
Is 24 a factor of 7929?
False
Is 5 a factor of 242?
False
Does 264 divide 39947?
False
Is 13840 a multiple of 80?
True
Does 12 divide 480?
True
Is 8230 a multiple of 101?
False
Is 126 a multiple of 35?
False
Is 1264 a multiple of 36?
False
Is 312 a factor of 51480?
True
Does 107 divide 54397?
False
Does 2 divide 23976?
True
Is 459 a multiple of 17?
True
Is 712 a multiple of 21?
False
Is 15320 a multiple of 10?
True
Does 19 divide 32207?
False
Is 378 a multiple of 18?
True
Is 8 a factor of 2025?
False
Is 216 a multiple of 3?
True
Does 9 divide 62892?
True
Is 475 a multiple of 87?
False
Does 18 divide 18?
True
Is 640 a multiple of 10?
True
Is 77 a multiple of 11?
True
Is 13 a factor of 945?
False
Is 5 a factor of 875?
True
Is 5858 a multiple of 21?
False
Is 122 a factor of 12347?
False
Does 26 divide 156?
True
Does 3 divide 2342?
False
Is 1046 a multiple of 16?
False
Does 156 divide 3913?
False
Is 8 a factor of 4368?
True
Is 10 a factor of 700?
True
Does 18 divide 1523?
False
Is 128 a factor of 21904?
False
Does 10 divide 65028?
False
Does 9 divide 4500?
True
Is 132 a multiple of 6?
True
Is 34335 a multiple of 45?
True
Is 423 a multiple of 3?
True
Does 16 divide 35136?
True
Does 104 divide 15242?
False
Is 14 a factor of 469?
False
Is 1120 a multiple of 16?
True
Is 25 a factor of 3975?
True
Is 5284 a multiple of 38?
False
Does 9 divide 19186?
False
Does 23 divide 107?
False
Does 20 divide 18653?
False
Is 2145 even?
False
Is 8 a factor of 21?
False
Is 2131 a multiple of 10?
False
Does 9 divide 8343?
True
Is 15 a factor of 95?
False
Is 109 a multiple of 21?
False
Is 17 a factor of 1734?
True
Does 29 divide 2552?
True
Is 452 a multiple of 113?
True
Is 46 a multiple of 14?
False
Is 12626 a multiple of 118?
True
Does 112 divide 3024?
True
Is 11 a factor of 1386?
True
Is 126 a multiple of 4?
False
Is 96 a factor of 43968?
True
Is 35555 a multiple of 65?
True
Does 5 divide 8238?
False
Is 18 a multiple of 9?
True
Is 17905 a multiple of 17?
False
Does 10 divide 1344?
False
Is 55 a factor of 2095?
False
Does 143 divide 4719?
True
Is 22 a factor of 51456?
False
Is 3 a factor of 1549?
False
Does 4 divide 244?
True
Does 2 divide 122?
True
Does 12 divide 732?
True
Is 39 a factor of 34788?
True
Does 7 divide 585?
False
Is 1302 a multiple of 60?
False
Is 811 a multiple of 6?
False
Does 55 divide 109560?
True
Does 40 divide 920?
True
Is 20 a factor of 8237?
False
Is 2829 a multiple of 20?
False
Is 26687 a multiple of 94?
False
Is 3735 a multiple of 67?
False
Does 22 divide 7516?
False
Is 9 a factor of 12993?
False
Does 23 divide 117?
False
Is 1880 a multiple of 4?
True
Is 10267 a multiple of 33?
False
Does 38 divide 15238?
True
Is 33 a factor of 825?
True
Does 3 divide 1351?
False
Is 41 a factor of 820?
True
Is 74 a multiple of 2?
True
Does 21 divide 9660?
True
Is 39741 a multiple of 18?
False
Does 25 divide 11259?
False
Is 9 a factor of 2874?
False
Does 32 divide 416?
True
Does 19 divide 1371?
False
Does 8 divide 2016?
True
Is 11 a factor of 737?
True
Is 27 a factor of 1576?
False
Does 66 divide 132?
True
Is 12 a factor of 49495?
False
Is 35887 a multiple of 17?
True
Is 910 a multiple of 14?
True
Is 11 a factor of 550?
True
Is 2888 a multiple of 38?
True
Is 5 a factor of 964?
False
Is 19 a factor of 2603?
True
Is 50400 a multiple of 100?
True
Does 77 divide 31185?
True
Is 3 a factor of 5385?
True
Does 41 divide 656?
True
Is 34 a factor of 247?
False
Is 3406 a multiple of 13?
True
Is 1836 a multiple of 27?
True
Is 129 a factor of 60069?
False
Is 41 a factor of 8974?
False
Is 10 a factor of 848?
False
Is 25 a factor of 29441?
False
Is 7160 a multiple of 8?
True
Is 25 a factor of 24567?
False
Is 24 a factor of 485?
False
Does 5 divide 12872?
False
Is 4 a factor of 76?
True
Is 143 a factor of 3434?
False
Is 6084 a multiple of 36?
True
Is 62237 a multiple of 119?
True
Is 10518 a multiple of 73?
False
Does 330 divide 4620?
True
Is 43 a factor of 59?
False
Does 30 divide 2370?
True
Is 10 a factor of 1644?
False
Does 139 divide 11120?
True
Is 980 a multiple of 49?
True
Is 1027 a multiple of 28?
False
Is 879 a multiple of 7?
False
Is 21 a factor of 23863?
False
Is 13365 a multiple of 45?
True
Does 110 divide 4170?
False
Is 12 a factor of 24712?
False
Is 3555 a multiple of 15?
True
Does 18 divide 15880?
False
Is 7 a factor of 4379?
False
Does 77 divide 3619?
True
Is 29 a factor of 1450?
True
Is 96 a factor of 2621?
False
Is 20 a factor of 11320?
True
Does 15 divide 2052?
False
Is 4410 a multiple of 21?
True
Is 43 a factor of 5289?
True
Is 9 a factor of 913?
False
Is 6 a factor of 1811?
False
Is 4734 a multiple of 179?
False
Is 3744 a multiple of 48?
True
Is 476 a multiple of 17?
True
Is 414 a multiple of 10?
False
Does 74 divide 770?
False
Is 258 a multiple of 8?
False
Is 7 a factor of 30028?
False
Is 1897 a multiple of 20?
False
Does 38 divide 4813?
False
Is 9223 a multiple of 16?
False
Is 6 a factor of 321?
False
Is 89995 a multiple of 41?
True
Is 44 a factor of 162?
False
Is 49 a factor of 1862?
True
Is 45 a factor of 3843?
False
Is 19 a factor of 39349?
True
Is 574 a multiple of 14?
True
Does 12 divide 839?
False
Is 47 a factor of 30456?
True
Is 811 a multiple of 29?
False
Does 28 divide 784?
True
Does 24 divide 7184?
False
Is 48 a factor of 3210?
False
Is 21 a factor of 3207?
False
Does 114 divide 27702?
True
Is 1515 a multiple of 2?
False
Does 7 divide 32263?
True
Does 81 divide 12497?
False
Is 13272 a multiple of 316?
True
Is 17 a factor of 3306?
False
Is 11 a factor of 121?
True
Does 73 divide 3650?
True
Is 56 a multiple of 28?
True
Does 20 divide 12239?
False
Is 101 even?
False
Is 16 a factor of 3760?
True
Is 13 a factor of 1495?
True
Is 7 a factor of 3682?
True
Is 13970 a multiple of 55?
True
Is 5 a factor of 224?
False
Is 3470 a multiple of 11?
False
Does 112 divide 40845?
False
Is 616 a multiple of 22?
True
Is 10 a factor of 37290?
True
Does 17 divide 1683?
True
Is 2 a factor of 220?
True
Is 3 a factor of 835?
False
Is 1170 a multiple of 6?
True
Is 2508 a multiple of 57?
True
Does 35 divide 1120?
True
Is 3369 a multiple of 4?
False
Does 17 divide 578?
True
Is 158 even?
True
Is 12 a factor of 1609?
False
Does 8 divide 64?
True
Is 25 a multiple of 2?
False
Does 18 divide 4356?
True
Is 15 a factor of 40950?
True
Is 947 a multiple of 71?
False
Does 540 divide 138780?
True
Is 19 a factor of 862?
False
Is 4149 a multiple of 5?
False
Is 7150 a multiple of 13?
True
Does 39 divide 565?
False
Is 255 a multiple of 3?
True
Is 75077 a multiple of 13?
False
Does 4 divide 1840?
True
Is 2160 a multiple of 20?
True
Is 94 a factor of 2914?
True
Is 27 a factor of 551?
False
Does 5 divide 10155?
True
Does 49 divide 3678?
False
Does 3 divide 47?
False
Does 24 divide 6350?
False
Does 21 divide 3457?
False
Is 4147 a multiple of 13?
True
Is 4776 a multiple of 40?
False
Is 13 a factor of 4316?
True
Is 2 a factor of 307?
False
Does 4 divide 40?
True
Is 4836 a multiple of 31?
True
Does 32 divide 640?
True
Is 96 a factor of 21504?
True
Is 21 a factor of 34335?
True
Is 57 a factor of 4109?
False
Does 5 divide 3912?
False
Does 14 divide 2772?
True
Does 23 divide 1403?
True
Is 6 a factor of 708?
True
Is 84 a factor of 649?
False
Is 1042 a multiple of 9?
False
Is 9 a factor of 450?
True
Is 27 a factor of 20547?
True
Does 12 divide 7500?
True
Is 1198 a multiple of 18?
False
Does 7 divide 11746?
True
Is 10893 a multiple of 52?
False
Is 11926 a multiple of 178?
True
Is 102 a mu